c = 9*v + 179. Let g(w) = 3*w**2 - 6*w + 5. Let l be g(5). Calculate the greatest common factor of l and v.
25
Suppose 184*q - 129*q - 132825 = 0. Calculate the greatest common divisor of q and 10.
5
Suppose 12*f - 161 - 283 = 0. Suppose f = 12*z - 203. Calculate the greatest common divisor of 500 and z.
20
Let y = 53 - 57. Let c be 3*6/(-9) - -1 - y. Suppose -9*u + c*u = -18. Calculate the greatest common factor of u and 4.
1
Suppose 50 = -16*z + 18*z. Let r(m) = m**2 - 19*m - 82. Let i be r(-4). What is the highest common divisor of i and z?
5
Let r(a) = 4*a - 3. Let b be r(3). Suppose 3*l = 17*m + 23*m - 999, -5*l - 17 = 2*m. Calculate the highest common divisor of m and b.
3
Suppose -9*j = -1743 + 771. Let s be j + 2/4*(-204)/17. What is the greatest common factor of s and 204?
102
Let i = 217 - -887. Calculate the highest common divisor of i and 384.
48
Let y(u) be the first derivative of 5*u**2 + 7*u + 3. Let j be y(18). Let p = -327 - -344. What is the greatest common divisor of j and p?
17
Suppose 0*r - 2*d - 56 = -r, 0 = 4*r - 3*d - 204. Let n be r/(-8)*(-88)/6. Let w be 5*(2 + n/10). What is the highest common factor of w and 135?
27
Let c(t) = -t**2 + 13*t + 23. Let a be c(27). Let r = 152 - a. Suppose -9*u + 330 = -r. What is the highest common divisor of u and 62?
31
Let v = -199 - -202. Suppose 0 = 2*m + 5*r - 65, -v*r - 46 = -m + 14. Calculate the highest common factor of m and 18.
9
Suppose -4*j - o = -0*j - 13, -4*j + 4*o - 12 = 0. Suppose 0 = -4*g + 6*g - j. Let u be 14/8 + (-1)/(g + -5). What is the highest common divisor of u and 3?
1
Let i(x) = -x**3 + 10*x**2 - 11*x + 21. Let t be i(9). Let s(v) = -2*v + t*v**2 - 2 + 1 - 1. Let l be s(-4). Calculate the greatest common factor of l and 81.
27
Suppose -u - 5*j + 59 = 0, 71 = -4*u - j + 250. What is the highest common divisor of u and 2365?
11
Let a be ((-8)/(200/15))/(((-154)/92260)/11). What is the highest common factor of a and 2?
2
Suppose -2346 = 3*n - 9*n. Let y = -370 + n. Calculate the highest common divisor of y and 77.
7
Let q be 11/(-22) - (-189)/6. Let o(s) = 17*s**2 - 4*s + 1. Let n be o(6). Calculate the highest common factor of q and n.
31
Suppose 80 = -108*k + 116*k. Suppose 0 = 2*h - k, -4*b + 3*h + 33 = 40. Calculate the greatest common divisor of 330 and b.
2
Suppose 0 = -75*i + 150*i - 430875. Calculate the highest common divisor of i and 30.
15
Let f(y) = -y + 1. Let v be f(-6). Let h = 162 + -186. Let w be 252/h*4/(-6). Calculate the greatest common factor of v and w.
7
Let i = 28556 + -27422. What is the highest common divisor of i and 966?
42
Let s = 3154 + -3102. Let q(f) = -f + 2. Let x be q(-10). What is the highest common divisor of x and s?
4
Suppose 7*i - 6*i - 4*t = 18, -3*i + 5*t + 75 = 0. Let l be -1 + (-566)/(-38) - i/(-285). What is the highest common factor of 98 and l?
14
Let w(o) = -o**2 - 8*o + 73. Let x be w(-14). Let h(n) = 8*n**2 - 3*n - 12. Let p be h(x). Calculate the highest common divisor of p and 23.
23
Let n = 225 - 133. Let q = n - 80. What is the greatest common factor of 108 and q?
12
Let g = 527 + 153. Calculate the highest common factor of 80 and g.
40
Suppose 3 = 17*g - 65. Let a be (-38)/(-7) + (-32)/(-56) - g. What is the highest common factor of 7 and a?
1
Let t(o) = -o**3 + 33*o**2 + 75*o + 9. Let r be t(35). Let p = 212 - r. What is the highest common factor of 70 and p?
14
Suppose z + 1439 = 5*g, 0*g - 1441 = -5*g - z. Suppose -5*b + 75 = -15. Calculate the greatest common factor of b and g.
18
Let z = -37 - -17. Let n = z - -33. What is the greatest common divisor of n and 26?
13
Suppose -2*u = 608*q - 613*q - 2440, 3*u - 4*q = 3646. Calculate the highest common factor of 10 and u.
10
Let k(o) = 206*o - 8548. Let x be k(115). What is the highest common factor of 134 and x?
134
Let v be -1 + 100 - (-4 + 5). Suppose p + 24 = v. Let k(h) = h**2 + 20*h + 73. Let f be k(-18). Calculate the highest common divisor of f and p.
37
Suppose 1552 = 2*h + 64. Let q = h - 724. Let m(l) = -l + 7. Let r be m(3). What is the greatest common factor of r and q?
4
Suppose -2*y - 1672 = -4*q, -4*q + 1688 = 22*y - 20*y. Calculate the highest common factor of 77 and q.
7
Let k = 5573 + -5061. What is the greatest common divisor of k and 208?
16
Suppose -25*q + 51 = 1. Suppose -2*g + 3*p = p - 192, q*p - 263 = -3*g. Calculate the highest common divisor of 13 and g.
13
Let i(v) be the second derivative of 5*v**3 - 7*v**2 + v - 17. Let l be i(1). What is the greatest common divisor of 2 and l?
2
Suppose -2941 - 3153 = 22*r. Let x = r + 294. Let u be ((-102)/(-9))/(2/6). Calculate the greatest common factor of x and u.
17
Suppose 5*b + 3*z = 7 + 307, -4*z - 8 = 0. Calculate the highest common factor of b and 3168.
32
Suppose 5*w = -x + 74, 21*x - 18*x - 3*w - 240 = 0. Calculate the greatest common divisor of x and 14141.
79
Let j = -3774 + 1838. Let w be (6/4)/((-66)/j). What is the highest common divisor of w and 308?
44
Let f(g) = 4*g + 25. Let a(o) = 3*o**2 - 53*o - 3. Let z be a(18). Let l be f(z). Suppose 0 = 3*d - d - 34. Calculate the greatest common factor of d and l.
17
Suppose -3*b = -1 - 2, -4*o - 4*b = -154224. Calculate the greatest common factor of 55 and o.
55
Let c be 6*(2/(-8) + (-54)/(-24)). Suppose 4*n + 4*y - 32 = 0, 10 = -n - 4*y + c. What is the highest common factor of n and 35?
5
Suppose 3*b + 21 - 18 = 0. Let n be (13 - (-405)/(-18))*2/b. What is the greatest common factor of n and 361?
19
Let o(y) = -39*y**3 + 2*y**2 + 2*y + 1. Let l be o(-1). Let x be (4 + 2/2)*(100 + -94). Calculate the highest common divisor of x and l.
10
Suppose 2*g = -3*z - 9732, 39*z + 4*g + 9732 = 36*z. Let i = -1612 - z. Calculate the highest common divisor of i and 102.
102
Let r = 177 + -149. Let t(p) = -37*p**3 + p**2 - 4*p + 2. Let y be t(1). Let n = y - -42. Calculate the greatest common factor of r and n.
4
Let m be (-290)/25*5/(-2). Suppose 6*c + 10 = 11*c, -3*c - 284 = -2*g. What is the highest common factor of g and m?
29
Let f(m) = -5*m + 9. Let k be f(9). Let j = 55 + k. Suppose 2*s - 127*a + 123*a = 58, -3*s = -2*a - 67. Calculate the greatest common factor of s and j.
19
Suppose 1130 = 2*d - 4*c, 209*d - 2825 = 204*d - 5*c. Calculate the greatest common divisor of d and 40.
5
Let k = 7 + 1. Let u be (-4)/(-1) + (4 + -3 - 5). Suppose 27*y - 8*y - 1368 = u. What is the highest common factor of k and y?
8
Suppose 4*s + k = 15, s + 3*k + 12 = 2. Let f be ((-5)/2)/((-158)/(-32) - s). What is the greatest common factor of f and 8?
8
Suppose -10864 = 4*p - 60*p. What is the greatest common factor of p and 34726?
194
Suppose 0 = -38*r - 3*r + 2132. Let d = 1 - -12. Calculate the greatest common factor of r and d.
13
Suppose 0 = 4*p + 6*o - o - 1391, 4*p + 4*o = 1388. Calculate the greatest common divisor of p and 88.
8
Suppose i = 18 - 5. Suppose k - 4*s - 362 = 0, 3*k - 8*k - 3*s = -1695. Let d = k + -251. What is the greatest common divisor of i and d?
13
Suppose -5*q - m + 21723 = 0, -25*q + 4349 = -24*q - 2*m. Calculate the greatest common divisor of 275 and q.
55
Let w = 216 - 224. Let n(u) = u**2 + 4*u + 33. Let q be n(w). What is the highest common factor of q and 39?
13
Let q = 157 - 82. Suppose -7428*w + 859 = -7423*w - 2*t, 684 = 4*w - 2*t. What is the greatest common factor of w and q?
25
Let h = 4792 - -319. What is the highest common factor of h and 95?
19
Let f be ((-12)/5 - -2)*-50. Let z be (1/1)/(1/f). Let v = -459 + 559. Calculate the greatest common factor of z and v.
20
Let f = 2 - -10. Let g = 2 + 2. Suppose 0 = -g*k + k + 5*a - 8, 0 = 4*k - 2*a - 8. What is the greatest common factor of k and f?
4
Let i(t) = 54*t - 24. Let u(w) = 4*w. Let m be u(1). Let n be i(m). Calculate the greatest common factor of n and 12.
12
Suppose -16*q + 1428 = -4*q. Let f = 372 - q. What is the greatest common factor of 11 and f?
11
Let k(a) = 2*a**2 - a + 2. Let t be k(3). Let j = -28624 - -28760. Calculate the highest common divisor of t and j.
17
Suppose -5*x + 55 = 5*j - 0*j, -3*j = 4*x - 35. Suppose 189 = -j*k + 63. Let t = k - -24. Calculate the greatest common divisor of t and 80.
10
Suppose x = -3*n + 6*x + 17, 2*n + 3*x = 5. Suppose -g = 2*g + n*y - 51, -4*y = -4*g + 96. Calculate the greatest common divisor of 63 and g.
